s of 3207?
3, 1069
What are the prime factors of 12948?
2, 3, 13, 83
List the prime factors of 1552.
2, 97
List the prime factors of 22742.
2, 83, 137
What are the prime factors of 4925?
5, 197
List the prime factors of 24693.
3, 8231
What are the prime factors of 904?
2, 113
List the prime factors of 568.
2, 71
What are the prime factors of 35113?
13, 37, 73
List the prime factors of 224.
2, 7
What are the prime factors of 237?
3, 79
What are the prime factors of 3150?
2, 3, 5, 7
What are the prime factors of 25982?
2, 11, 1181
What are the prime factors of 92501?
233, 397
List the prime factors of 2472.
2, 3, 103
List the prime factors of 790.
2, 5, 79
List the prime factors of 4774.
2, 7, 11, 31
List the prime factors of 17654.
2, 7, 13, 97
List the prime factors of 640.
2, 5
List the prime factors of 52.
2, 13
What are the prime factors of 639?
3, 71
List the prime factors of 610.
2, 5, 61
What are the prime factors of 9685?
5, 13, 149
What are the prime factors of 450?
2, 3, 5
What are the prime factors of 5038?
2, 11, 229
List the prime factors of 10727.
17, 631
List the prime factors of 1132.
2, 283
What are the prime factors of 50887?
151, 337
List the prime factors of 122852.
2, 30713
List the prime factors of 21944.
2, 13, 211
What are the prime factors of 1046?
2, 523
List the prime factors of 16609.
17, 977
List the prime factors of 117694.
2, 83, 709
List the prime factors of 849.
3, 283
List the prime factors of 3535.
5, 7, 101
What are the prime factors of 12962?
2, 6481
List the prime factors of 14138.
2, 7069
What are the prime factors of 31174?
2, 11, 13, 109
List the prime factors of 21307.
11, 13, 149
List the prime factors of 1272.
2, 3, 53
What are the prime factors of 945?
3, 5, 7
List the prime factors of 6917.
6917
List the prime factors of 787.
787
What are the prime factors of 1052?
2, 263
What are the prime factors of 575?
5, 23
What are the prime factors of 18294?
2, 3, 3049
List the prime factors of 2956.
2, 739
List the prime factors of 2311.
2311
What are the prime factors of 570?
2, 3, 5, 19
List the prime factors of 37794.
2, 3, 6299
What are the prime factors of 922?
2, 461
List the prime factors of 77059.
263, 293
List the prime factors of 4472.
2, 13, 43
List the prime factors of 11140.
2, 5, 557
What are the prime factors of 954?
2, 3, 53
What are the prime factors of 1720?
2, 5, 43
List the prime factors of 2608.
2, 163
List the prime factors of 2176.
2, 17
List the prime factors of 439.
439
List the prime factors of 10438.
2, 17, 307
List the prime factors of 449.
449
List the prime factors of 36649.
67, 547
List the prime factors of 5852.
2, 7, 11, 19
List the prime factors of 56861.
7, 8123
What are the prime factors of 1927?
41, 47
What are the prime factors of 118?
2, 59
What are the prime factors of 947?
947
What are the prime factors of 11224?
2, 23, 61
What are the prime factors of 2776?
2, 347
List the prime factors of 922.
2, 461
List the prime factors of 14926.
2, 17, 439
List the prime factors of 4452.
2, 3, 7, 53
What are the prime factors of 4550?
2, 5, 7, 13
List the prime factors of 2318.
2, 19, 61
List the prime factors of 24048.
2, 3, 167
List the prime factors of 51378.
2, 3, 8563
What are the prime factors of 15045?
3, 5, 17, 59
What are the prime factors of 4300?
2, 5, 43
List the prime factors of 150591.
3, 7, 71, 101
What are the prime factors of 10090?
2, 5, 1009
List the prime factors of 3555.
3, 5, 79
What are the prime factors of 1374?
2, 3, 229
What are the prime factors of 93740?
2, 5, 43, 109
What are the prime factors of 277?
277
What are the prime factors of 1403?
23, 61
What are the prime factors of 277?
277
What are the prime factors of 22362?
2, 3, 3727
What are the prime factors of 6206?
2, 29, 107
What are the prime factors of 3662?
2, 1831
What are the prime factors of 1370?
2, 5, 137
List the prime factors of 1920.
2, 3, 5
What are the prime factors of 3868?
2, 967
What are the prime factors of 171?
3, 19
List the prime factors of 41.
41
List the prime factors of 608.
2, 19
List the prime factors of 4447.
4447
What are the prime factors of 1270?
2, 5, 127
What are the prime factors of 3630?
2, 3, 5, 11
List the prime factors of 38025.
3, 5, 13
List the prime factors of 1719.
3, 191
List the prime factors of 1169.
7, 167
List the prime factors of 598.
2, 13, 23
What are the prime factors of 850?
2, 5, 17
List the prime factors of 4873.
11, 443
What are the prime factors of 186037?
186037
What are the prime factors of 15168?
2, 3, 79
List the prime factors of 7842.
2, 3, 1307
What are the prime factors of 716?
2, 179
List the prime factors of 1462.
2, 17, 43
What are the prime factors of 9389?
41, 229
What are the prime factors of 418?
2, 11, 19
What are the prime factors of 33156?
2, 3, 307
What are the prime factors of 2207?
2207
List the prime factors of 5261.
5261
What are the prime factors of 26483?
71, 373
What are the prime factors of 3499?
3499
What are the prime factors of 9868?
2, 2467
List the prime factors of 7775.
5, 311
List the prime factors of 33928.
2, 4241
What are the prime factors of 17742?
2, 3, 2957
What are the prime factors of 2797?
2797
What are the prime factors of 965?
5, 193
What are the prime factors of 1702?
2, 23, 37
List the prime factors of 428.
2, 107
List the prime factors of 2024.
2, 11, 23
List the prime factors of 52.
2, 13
What are the prime factors of 203?
7, 29
List the prime factors of 9184.
2, 7, 41
What are the prime factors of 56989?
56989
What are the prime factors of 41218?
2, 37, 557
List the prime factors of 79.
79
What are the prime factors of 7744?
2, 11
What are the prime factors of 2849?
7, 11, 37
What are the prime factors of 5802?
2, 3, 967
List the prime factors of 3430.
2, 5, 7
List the prime factors of 21632.
2, 13
List the prime factors of 1890.
2, 3, 5, 7
List the prime factors of 4604.
2, 1151
What are the prime factors of 21108?
2, 3, 1759
List the prime factors of 4906.
2, 11, 223
List the prime factors of 119445.
3, 5, 7963
List the prime factors of 112033.
23, 4871
List the prime factors of 11469.
3, 3823
What are the prime factors of 575?
5, 23
List the prime factors of 67636.
2, 37, 457
List the prime factors of 3382.
2, 19, 89
List the prime factors of 9000.
2, 3, 5
What are the prime factors of 31310?
2, 5, 31, 101
What are the prime factors of 15909?
3, 5303
List the prime factors of 20560.
2, 5, 257
What are the prime factors of 2912?
2, 7, 13
What are the prime factors of 968?
2, 11
What are the prime factors of 6549?
3, 37, 59
List the prime factors of 171.
3, 19
List the prime factors of 5264.
2, 7, 47
List the prime factors of 3511.
3511
What are the prime factors of 567?
3, 7
List the prime factors of 15570.
2, 3, 5, 173
What are the prime factors of 2357?
2357
List the prime factors of 11056.
2, 691
List the prime factors of 15989.
59, 271
List the prime factors of 34974.
2, 3, 29, 67
List the prime factors of 3450.
2, 3, 5, 23
List the prime factors of 26916.
2, 3, 2243
What are the prime factors of 10779?
3, 3593
What are the prime factors of 59068?
2, 14767
What are the prime factors of 348?
2, 3, 29
What are the prime factors of 1060?
2, 5, 53
List the prime factors of 69554.
2, 83, 419
List the prime factors of 8673.
3, 7, 59
What are the prime factors of 23595?
3, 5, 11, 13
What are the prime factors of 23257?
13, 1789
What are the prime factors of 24453?
3, 11, 13, 19
List the prime factors of 436.
2, 109
What are the prime factors of 2115?
3, 5, 47
What are the prime factors of 7355?
5, 1471
List the prime factors of 54993.
3, 23, 797
List the prime factors of 79429.
7, 1621
What are the prime factors of 2665?
5, 13, 41
List the prime factors of 1952.
2, 61
List the prime factors of 3592.
2, 449
What are the prime factors of 275?
5, 11
What are the prime factors of 71713?
71713
What are the prime factors of 37157?
73, 509
What are the prime factors of 9556?
2, 2389
What are the prime factors of 37692?
2, 3, 349
List the prime factors of 1912.
2, 239
What are the prime factors of 87509?
87509
List the prime factors of 11047.
11047
List the prime factors of 7457.
7457
List the prime factors of 407.
11, 37
What are the prime factors of 57989?
103, 563
List the prime factors of 312.
2